hen n is divided by g(-5)?
1
Let u(m) = 5*m**2 + 3*m + 4. Let y be u(-5). Suppose -y = -v - 2*v. Calculate the remainder when v is divided by 10.
8
Let r = 72 + -37. Calculate the remainder when 139 is divided by r.
34
Let c = -17 - -14. Let f = 11 - c. What is the remainder when f is divided by 4?
2
Suppose -2*o = -8 - 20. Suppose 0 = -h - 4*j + 66, -40 = -2*h - 2*j + 74. What is the remainder when h is divided by o?
12
Let m(g) = g**3 - 5*g**2 - 16*g - 4. Calculate the remainder when m(8) is divided by 32.
28
Let l(n) = n - 6. Let m be l(0). What is the remainder when (44/m - 0)*-3 is divided by 12?
10
Calculate the remainder when 95 is divided by (-1460)/(-45) + 16/(-36).
31
Let r(m) = -51*m + 1. Let q(u) = 153*u - 3. Let a(b) = 6*q(b) + 17*r(b). Calculate the remainder when a(1) is divided by 17.
16
Suppose 0 = 5*f + f - 114. What is the remainder when 56 is divided by f?
18
Let f = -277 + 91. What is the remainder when 11 is divided by f/(-24) - 3/4?
4
What is the remainder when (15 - 2)/(3/3) is divided by 4?
1
Let u(g) = 2*g + 3. Let b be u(-4). Let i = 13 + b. Let z = 15 - 0. Calculate the remainder when z is divided by i.
7
Let d = 16 + 15. Calculate the remainder when 123 is divided by d.
30
Let z be 2 + (-1 - 0)*2. Suppose 20 = 3*x + x + 4*m, -4*x - 2*m = -14. Let i = z + x. What is the remainder when 4 is divided by i?
0
Suppose 4*v - 5*d - 23 = 0, -2*d + 0*d - 4 = v. Let j(q) be the second derivative of 4*q**3/3 + q**2/2 + 2*q. What is the remainder when 50 is divided by j(v)?
16
Let u(q) = 3*q - 1. What is the remainder when u(12) is divided by 13?
9
Let h(l) = l**2 - 3*l - 1. Calculate the remainder when h(5) is divided by 3.
0
Let o be (-2 - 1) + -2*1. Let u = o - 7. What is the remainder when 7 is divided by u/(-6) - (0 - 2)?
3
Let q(c) = c**3 + c**2 + 11*c - 20. Let v(j) = 5*j**3 + j. Let t be v(-1). What is the remainder when (-4)/t + 76/3 is divided by q(2)?
12
Let h = -5 - -19. Let b = -33 - -60. Calculate the remainder when b is divided by h.
13
Let n = -2 + 4. Suppose -3*r + 41 = n. Suppose 4*q - 167 = 5*d, 2*d + 2 = q - 42. What is the remainder when q is divided by r?
12
Suppose 5*h - 5*m = 445, 0 = 2*h + m - 4*m - 179. What is the remainder when h is divided by 18?
16
Calculate the remainder when 19 is divided by 644/63 + (-4)/18.
9
Suppose 4*i = 20, -2*u - 11 = -4*u + 3*i. Suppose 0 = -5*b - 2*m + 43 + 28, -4*b + 52 = 4*m. What is the remainder when u is divided by -14*(2 - b/6)?
6
Let s be (-4)/10 - 21/(-15). Suppose 0 = -3*z + 2*z - s, 3*h - 79 = -2*z. Let y = 46 - h. What is the remainder when y is divided by 10?
9
Suppose -30 - 6 = -t. Let h(q) = -q**2 - 3*q + 3. Let d be h(-4). What is the remainder when t is divided by 2*d*156/(-24)?
10
Let s(w) = -6*w - 86. Calculate the remainder when 169 is divided by s(-20).
33
Let r = 178 - 123. Suppose 0 = 3*p + 19 - r. Suppose 63 + p = 3*z. What is the remainder when z is divided by 13?
12
Suppose -5*d + 3*d - 2*j = -98, -2*j = -3*d + 157. Calculate the remainder when d is divided by 31.
20
Calculate the remainder when 18 is divided by 1*-2*8/48*-15.
3
Suppose -24 = 4*d + 4*j, 0 = -d + j - 8 - 2. Let f = -3 - d. Suppose 0 = 4*z - 2*l - 54, f*l + 39 = -3*z + 7*z. Calculate the remainder when z is divided by 9.
7
Suppose 0*o = o. Let j = o - -6. Let n(s) = -10*s + 1. What is the remainder when n(-1) is divided by j?
5
Let r(w) = -w**2 + 7*w - 9. Let q be r(6). Let h = 8 + q. Calculate the remainder when h is divided by 2.
1
Let h(t) = t**2 - 1. Let q(z) = 2*z**2 - 13. Let p(r) = h(r) - q(r). Let k be (-1)/(-3) - (-2)/(-6). What is the remainder when 34 is divided by p(k)?
10
Suppose -5*p + 20 = 5. Let g = -76 - -80. Suppose g*x = 5*h + 58, p*x - h - 50 = -x. What is the remainder when 47 is divided by x?
11
What is the remainder when (16 + (-2)/(-1))*(-30)/(-45) is divided by 3?
0
Let s(w) = w**2 + 2*w - 3. Calculate the remainder when s(4) is divided by 8.
5
Let i be 45/(-18)*(-12)/10. Suppose 0 = -2*g + i*q + 30, 4*g + 4*q = 3*g - 7. What is the remainder when 17 is divided by g?
8
Suppose -6*j = -11*j - 10, -z + 16 = -4*j. What is the remainder when 38 is divided by z?
6
Calculate the remainder when 16 is divided by 15/(-2)*(-16)/12.
6
Let d be (-3 + 2)/(-1)*29. Suppose -4*u + d + 47 = 0. Suppose 6*i - 28 = 2*i. Calculate the remainder when u is divided by i.
5
Suppose -3*z + 4*p = -5, -z - 4*p + 27 = p. Suppose 0 = h + z - 17. Calculate the remainder when 39 is divided by h.
9
Let r = 5 - 1. Let j = r - -1. Suppose -j*f = -2*i + 46, f = 2*f. Calculate the remainder when i is divided by 12.
11
Suppose 0 = w - 5 - 2. Let n(j) = 2*j - 6. Let p be n(6). Calculate the remainder when w is divided by p/2*(1 + 0).
1
Let x(j) be the first derivative of 7*j**2/2 - 12*j - 3. Calculate the remainder when (22/3)/(2/12) is divided by x(5).
21
Let m(h) = 6*h - 5. Calculate the remainder when 49 is divided by m(3).
10
What is the remainder when 70/(-6)*(9 - 12) is divided by 9?
8
Suppose -o - 3*t = 4*o + 7, 18 = -2*o - 5*t. Suppose d - 2 = o. Suppose d*r - 79 = 14. Calculate the remainder when r is divided by 16.
15
Suppose -3*y = -1 - 5. Suppose -12 = -4*d + 4*m, 2*d = -3*d - y*m + 15. Suppose 13 = d*l + 1. Calculate the remainder when 6 is divided by l.
2
Let c = 151 + -82. Calculate the remainder when c is divided by 12.
9
Let m = 11 + -11. Suppose m = -2*b + 9 + 3. Let z = 32 + -22. Calculate the remainder when z is divided by b.
4
Let z = 7 - -3. Suppose 0 = 3*x - 37 - 20. Calculate the remainder when x is divided by z.
9
Let l be (-10 - 0)*88/(-10). Let q = -63 + l. Let b(s) = -s**3 + 6*s**2 - 3*s + 3. What is the remainder when q is divided by b(5)?
12
Let c be (-4)/(-6)*(-15)/(-2). Suppose 0 = f + 5*s, 0 = -c*f + f + 4*s + 48. What is the remainder when 17 is divided by f?
7
What is the remainder when 13 is divided by (-51)/(-7) + 4/(-14)?
6
Suppose -2*o + 0*o = -10, -b + 19 = 3*o. Let g be (-2 - 1)*(-2)/6. Suppose -g = -d + 1. What is the remainder when b is divided by d?
0
Calculate the remainder when 53 is divided by ((-144)/(-45))/(4/10) + 0.
5
Suppose 2*p + 4*x = 5*p + 8, -4*p + 3*x = -1. Calculate the remainder when 21 is divided by p.
1
Let t = -7 + 15. Calculate the remainder when 13 is divided by t.
5
Let u(g) = -g**2 - 7*g. Let r be u(-6). What is the remainder when 38 is divided by (-1 - 0)/(r/(-78))?
12
Suppose -5*v = -4*j - 4, 5*j - 16 = -v + 2*v. Suppose j*g + 2*n = 118, -2 = -5*n + 3. Calculate the remainder when 115 is divided by g.
28
Suppose -4*p = 5*t - 17, -p - 5*t - 2 = -25. What is the remainder when 1 is divided by p/(-3)*(-6)/(-4)?
0
Suppose -d = -0*d - 4. Suppose 7*t - 3*t = 5*b + 29, 0 = d*t - 2*b - 14. What is the remainder when t is divided by 1?
0
Let q = -171 + 207. Suppose -3*m + 40 = m. What is the remainder when q is divided by m?
6
Let l(z) = -11*z - 5. Let p be (6/2)/((-9)/12). Let r be l(p). Suppose 0 = 2*h - 71 - r. What is the remainder when h is divided by 19?
17
Let t = 17 + 65. Calculate the remainder when t is divided by 21.
19
Let z = -36 + 44. What is the remainder when 30 is divided by z?
6
Let l(f) be the third derivative of 7*f**5/10 - f**4/8 - f**3/3 - 4*f**2. Calculate the remainder when l(-1) is divided by 11.
10
Let j(b) be the first derivative of 59*b**2/2 + 7. Calculate the remainder when j(1) is divided by 15.
14
Let w = -15 + 14. Let v = 27 - w. What is the remainder when v is divided by 10?
8
Suppose -4*g - g + 60 = 0. Let o be (-3669)/(-21) - (-2)/7. Suppose 5*h - o = -0*h. What is the remainder when h is divided by g?
11
Let a = -21 - -41. Suppose 7*t = 2*t + 25. Let g(f) = f**3 - 3*f**2 + 2*f - 1. What is the remainder when g(t) is divided by a?
19
Suppose 6*n - 9*n = 18. What is the remainder when n*6/(-3) - 3 is divided by 5?
4
Suppose l = -2*l + 15. Suppose -t + 9 = u - 4, l*t = 4*u - 43. Calculate the remainder when 47 is divided by u.
11
Let f(x) = x**2 + x + 14. Let s(t) = t**2 + 40. Calculate the remainder when s(0) is divided by f(0).
12
Suppose 3*i = -2*o + 39, 0 = 2*o - 6*o + 4*i + 88. Suppose 2*n + 3*n + l - 50 = 0, -12 = -2*n - 2*l. What is the remainder when o is divided by n?
10
Let o be 6*(-1 + (-5)/(-2)). Let l be (-57)/o + (-2)/3. Let y = l - -15. Calculate the remainder when 14 is divided by y.
6